00?
False
Is 14204 a multiple of 9?
False
Does 59 divide 847?
False
Is 23 a factor of 851?
True
Does 11 divide 591?
False
Is 10365 a multiple of 6?
False
Does 39 divide 6903?
True
Is 26 a factor of 2297?
False
Does 60 divide 1440?
True
Is 15 a multiple of 5?
True
Does 6 divide 185?
False
Does 155 divide 5088?
False
Is 3828 a multiple of 12?
True
Is 600 a multiple of 8?
True
Does 50 divide 194?
False
Does 56 divide 1848?
True
Is 810 a multiple of 2?
True
Is 6786 a multiple of 26?
True
Is 3 a factor of 14280?
True
Is 11 a factor of 13504?
False
Is 4 a factor of 164?
True
Does 4 divide 308?
True
Is 13 a factor of 1807?
True
Does 2 divide 1279?
False
Is 24 a factor of 2232?
True
Is 16 a factor of 5072?
True
Is 33641 a multiple of 59?
False
Is 14 a factor of 143988?
False
Does 66 divide 1092?
False
Is 33768 a multiple of 8?
True
Does 22 divide 1286?
False
Is 1130 a multiple of 14?
False
Is 32 a factor of 19520?
True
Does 11 divide 66?
True
Is 216 a multiple of 8?
True
Is 2400 a multiple of 100?
True
Is 1846 a multiple of 26?
True
Does 174 divide 96918?
True
Does 14 divide 4970?
True
Is 39754 a multiple of 278?
True
Is 15 a factor of 1563?
False
Is 70 a factor of 1190?
True
Is 112 a factor of 69046?
False
Does 27 divide 1924?
False
Does 11 divide 1309?
True
Is 10 a factor of 105000?
True
Does 26 divide 12972?
False
Does 17 divide 21999?
False
Does 78 divide 5616?
True
Is 3319 a multiple of 17?
False
Does 6 divide 255?
False
Is 6664 a multiple of 98?
True
Is 8 a factor of 344?
True
Is 2 a factor of 98?
True
Is 5220 a multiple of 58?
True
Is 11 a factor of 1367?
False
Does 19 divide 25308?
True
Does 19 divide 2052?
True
Does 15 divide 6165?
True
Is 189 a multiple of 21?
True
Is 9555 a multiple of 35?
True
Is 30 a factor of 35052?
False
Does 22 divide 9965?
False
Does 108 divide 12852?
True
Is 33 a factor of 1314?
False
Is 16 a factor of 27392?
True
Is 87 a factor of 1376?
False
Does 7 divide 798?
True
Is 6989 a multiple of 3?
False
Does 14 divide 3682?
True
Does 41 divide 924?
False
Does 4 divide 6604?
True
Is 44 a factor of 71889?
False
Is 140 a factor of 1260?
True
Is 437 a multiple of 23?
True
Is 19 a factor of 8360?
True
Is 3268 a multiple of 19?
True
Does 19 divide 76?
True
Is 66963 a multiple of 17?
True
Is 5163 a multiple of 48?
False
Is 525 a multiple of 35?
True
Is 1617 a multiple of 11?
True
Is 17 a factor of 28288?
True
Is 20670 a multiple of 39?
True
Is 7128 a multiple of 81?
True
Is 1046 a multiple of 6?
False
Is 27 a factor of 675?
True
Is 4385 a multiple of 8?
False
Is 101 a factor of 1010?
True
Is 26 a factor of 57044?
True
Is 38 a factor of 186?
False
Is 7 a factor of 3703?
True
Does 17 divide 561?
True
Does 41 divide 7462?
True
Is 164 a factor of 25598?
False
Is 35 a factor of 369?
False
Is 1656 a multiple of 23?
True
Is 10812 a multiple of 212?
True
Is 13 a factor of 79163?
False
Is 260 a multiple of 13?
True
Does 21 divide 13125?
True
Is 16 a factor of 13696?
True
Is 108666 a multiple of 198?
False
Does 23 divide 50324?
True
Is 3880 a multiple of 64?
False
Is 22 a factor of 66?
True
Is 1160 a multiple of 14?
False
Does 18 divide 3510?
True
Is 58674 a multiple of 215?
False
Is 8 a factor of 112?
True
Is 16 a factor of 3536?
True
Does 83 divide 20584?
True
Is 14 a factor of 2660?
True
Does 22 divide 68024?
True
Is 17 a factor of 167?
False
Does 9 divide 27369?
True
Is 7 a factor of 672?
True
Does 58 divide 3422?
True
Does 3 divide 270?
True
Is 6 a factor of 953?
False
Is 63 a factor of 1134?
True
Is 80 a multiple of 5?
True
Is 31 a factor of 19308?
False
Does 28 divide 1333?
False
Is 4 a factor of 1779?
False
Does 28 divide 4504?
False
Is 68 a factor of 453?
False
Is 37 a factor of 9421?
False
Does 22 divide 23012?
True
Is 2556 a multiple of 9?
True
Is 43840 a multiple of 126?
False
Does 2 divide 5901?
False
Is 231 a multiple of 11?
True
Is 406 a multiple of 108?
False
Does 137 divide 6439?
True
Does 58 divide 4325?
False
Does 44 divide 4356?
True
Does 15 divide 5071?
False
Is 9 a factor of 484?
False
Is 45732 a multiple of 66?
False
Is 15 a factor of 15975?
True
Is 4 a factor of 400?
True
Is 5094 a multiple of 3?
True
Is 202 a factor of 1509?
False
Is 79 a factor of 4601?
False
Does 5 divide 1715?
True
Is 38334 a multiple of 7?
False
Does 9 divide 315?
True
Is 8260 a multiple of 10?
True
Is 5304 a multiple of 68?
True
Does 56 divide 10231?
False
Is 14 a factor of 14812?
True
Is 18 a factor of 8442?
True
Is 27521 a multiple of 13?
True
Is 21 a factor of 231?
True
Is 37 a factor of 23147?
False
Does 22 divide 13082?
False
Is 48846 a multiple of 12?
False
Is 18 a factor of 50069?
False
Does 115 divide 32579?
False
Is 6320 a multiple of 137?
False
Is 137 a multiple of 8?
False
Does 81 divide 1695?
False
Is 3 a factor of 479?
False
Does 69 divide 54303?
True
Is 44517 a multiple of 71?
True
Is 1326 a multiple of 51?
True
Is 4 a factor of 3456?
True
Is 12 a factor of 359?
False
Does 8 divide 840?
True
Is 1272 a multiple of 3?
True
Does 412 divide 75615?
False
Is 167 a factor of 6847?
True
Is 18088 a multiple of 28?
True
Is 388 a multiple of 6?
False
Is 3629 a multiple of 20?
False
Does 17 divide 2805?
True
Is 4 a factor of 2081?
False
Does 71 divide 7639?
False
Does 48 divide 960?
True
Is 75 a factor of 150?
True
Does 9 divide 9837?
True
Is 122 a factor of 41480?
True
Does 245 divide 31360?
True
Does 4 divide 3144?
True
Does 89 divide 534?
True
Is 2372 a multiple of 95?
False
Is 8 a factor of 359?
False
Does 8 divide 11208?
True
Does 56 divide 5992?
True
Does 36 divide 1800?
True
Does 15 divide 4515?
True
Is 89904 a multiple of 193?
False
Is 6504 a multiple of 79?
False
Does 18 divide 216?
True
Is 55 a factor of 1320?
True
Is 2380 a multiple of 7?
True
Does 12 divide 1010?
False
Is 15 a factor of 739?
False
Does 2 divide 145?
False
Does 63 divide 7465?
False
Does 13 divide 4373?
False
Does 9 divide 2476?
False
Is 11 a factor of 11?
True
Is 38790 a multiple of 25?
False
Is 234 a multiple of 9?
True
Is 6426 a multiple of 14?
True
Is 4743 a multiple of 141?
False
Does 6 divide 18713?
False
Is 31 a factor of 2964?
False
Is 36 a factor of 1440?
True
Is 2 a factor of 61?
False
Does 81 divide 2754?
True
Is 460 a multiple of 10?
True
Is 21 a factor of 3858?
False
Does 87 divide 14442?
True
Is 34138 a multiple of 26?
True
Does 11 divide 681?
False
Does 60 divide 5060?
False
Is 48 a factor of 1104?
True
Does 8 divide 26104?
True
Is 7 a factor of 14798?
True
Does 6 divide 7182?
True
Is 111 a factor of 75147?
True
Is 37 a factor of 1274?
False
Is 59 a factor of 14185?
False
Is 6 a factor of 2388?
True
Is 138 a factor of 3976?
False
Does 51 divide 765?
True
Does 14 divide 6146?
True
Is 101985 a multiple of 13?
True
Is 25 a factor of 109125?
True
Is 29 a factor of 2639?
True
Does 83 divide 29230?
False
Is 282 a multiple of 12?
False
Does 7 divide 188?
False
Does 7 divide 616?
True
Is 81 a factor of 4201?
False
Is 9416 a multiple of 88?
True
Is 366 a multiple of 121?
False
Does 31 divide 5581?
False
Does 6 divide 294?
True
Is 21489 a multiple of 60?
False
Is 47 a factor of 6746?
False
Is 1554 a multiple of 111?
True
Does 10 divide 550?
True
Is 6 a factor of 371?
False
Is 13 a factor of 92826?
False
Does 4 divide 232?
True
Is 61054 a multiple of 117?
False
Does 10 divide 21770?
True
Is 88 a factor of 17430?
False
Is 6 a factor of 54?
True
Is 20531 a multiple of 11?
False
Is 21 a factor of 6405?
True
Is 3704 a multiple of 134?
False
Is 2015 a multiple of 10?
False
Is 10 a factor of 2166?
False
Does 12 divide 15996?
True
Does 11 divide 8203?
False
Does 5 divide 43?
False
Is 1093 a multiple of 3?
False
Is 1963 a multiple of 2?
False
Does 7 divide 11012?
False
Is 1540 a multiple of 44?
True
Does 45 divide 6222?
False
Does 5 divide 1192?
False
Does 6 divide 1269?
False
Does 16 divide 1312?
True
Is 19384 a multiple of 152?
False
Does 8 divide 1296?
True
Is 18 a factor of 33714?
True
Is 4 a factor of 138?
False
Does 44 divide 1760?
True
Is 70 a factor of 7630?
True
Is 675 a multiple of 45?
True
Is 85 a factor of 3631?
False
Is 167 a factor of 8851?
True
Is 18 a factor of 468?
True
Does 79 divide 316?
True
Is 14 a factor of 21393?
False
Is 10 a factor of 23446?
False
Is 64 a factor of 37071?
False
Is 90 a factor of 2157?
False
Does 74 divide 4440?
True
Does 